 2669*f**2 + 4329*f - 522. Determine t(-85).
-12
Let l(w) = -3310*w - 13268. Give l(-4).
-28
Let c(d) = 8548*d + 153868. What is c(-18)?
4
Let i(b) = 57808*b - 982748. What is i(17)?
-12
Let c(g) = -6*g**3 + 744*g**2 + 25*g - 3603. Give c(124).
-503
Let w(y) = -4*y**3 - 450*y**2 - 255*y - 3375. Determine w(-112).
97
Let c(k) = -142*k**2 + 322*k + 309. What is c(3)?
-3
Let y(c) = 3*c**2 - 192*c + 1704. What is y(44)?
-936
Let d(v) = v**2 + 47284*v + 189134. Give d(-4).
14
Let j(z) = -6*z**3 + 455*z**2 + 71*z + 374. What is j(76)?
-6
Let f(o) = 3*o**3 + 148*o**2 + 95*o + 2228. Determine f(-49).
-26
Let x(n) = n**3 + 264*n**2 + 3023*n - 51. What is x(-12)?
-39
Let n(g) = -4*g**2 - 275*g - 206. Give n(-72).
-1142
Let m(l) = -l**2 + 14467*l - 28934. Determine m(2).
-4
Let v(h) = -3522*h - 496621. Determine v(-141).
-19
Let a(j) = 1513*j - 363127. Determine a(240).
-7
Let u(n) = -n**3 - 220*n**2 + 1357*n + 226. What is u(-226)?
0
Let n(u) = -4*u**3 + 8*u**2 - 64*u + 880. Give n(6).
-80
Let m(s) = -s**3 - 455*s**2 - 51575*s - 258. Give m(-214).
-44
Let m(g) = 80*g + 2656. Give m(-6).
2176
Let j(a) = -a**2 + 1016*a - 38146. Calculate j(39).
-43
Let k(l) = l**3 + 464*l**2 - 3862*l - 40655. Determine k(-472).
-63
Let y(z) = -4*z**3 + 100*z**2 - 17*z - 77. What is y(25)?
-502
Let b(t) = t**3 - 7*t**2 - 1852*t - 8240. Give b(-37).
48
Let u(f) = -4*f**2 - 647*f + 8353. Determine u(12).
13
Let d(t) = -5932*t - 12135. Determine d(-2).
-271
Let h(c) = -8*c**3 + 1238*c**2 + 7720*c + 19. Give h(-6).
-5
Let f(s) = 275961*s + 3863473. Calculate f(-14).
19
Let x(g) = -3852*g + 14921. Calculate x(4).
-487
Let u(v) = 28*v**2 - 2088*v + 2088. What is u(1)?
28
Let h(n) = -35194*n + 140922. Give h(4).
146
Let c(r) = 1481*r - 279937. Give c(189).
-28
Let d(k) = -4*k**3 - 60*k**2 - 21*k - 25. Give d(-15).
290
Let k(j) = -8*j**2 + 453*j - 3721. Give k(47).
-102
Let c(d) = 878*d - 27772. Determine c(31).
-554
Let c(a) = -8350*a + 334008. Give c(40).
8
Let i(x) = -304000*x + 608040. Calculate i(2).
40
Let x(l) = -8*l**2 - 61*l + 968. Determine x(16).
-2056
Let y(j) = -14*j**3 + 5*j**2 + 824*j - 2493. Determine y(3).
-354
Let g(v) = -16*v**2 + 3966*v - 41681. What is g(11)?
9
Let a(f) = 49*f + 26. Determine a(-4).
-170
Let h(v) = 438*v**2 + 1670*v - 5. What is h(-3)?
-1073
Let o(m) = 4*m**2 - 4553*m - 479278. Determine o(-97).
-1
Let n(i) = -2*i**3 - 8*i**2 + 23*i + 89. Give n(-3).
2
Let z(y) = y**3 + 17*y**2 + 89*y + 54. Give z(-13).
-427
Let r(m) = -3*m**3 + 389*m**2 - 1393*m + 1091. What is r(126)?
209
Let v(b) = -79260*b + 5389709. What is v(68)?
29
Let g(b) = 3*b**3 - 292*b**2 + 1823*b + 2571. Give g(8).
3
Let t(y) = y + 95. Give t(-25).
70
Let o(g) = 262852*g - 262906. What is o(1)?
-54
Let g(u) = 2*u**2 + 804*u - 16803. What is g(20)?
77
Let f(x) = 5*x**2 + 1765*x - 59528. Calculate f(31).
-8
Let h(q) = -77*q**2 - 56*q + 121. Calculate h(2).
-299
Let t(d) = 2490*d - 4591. Calculate t(3).
2879
Let n(m) = 341*m + 2841. Give n(-7).
454
Let i(t) = -t**3 + 15*t**2 - 520*t + 2533. Determine i(6).
-263
Let y(u) = -u**2 - 282*u + 2978. What is y(10)?
58
Let v(j) = 1069*j + 28764. Calculate v(-27).
-99
Let b(w) = -w**2 + 871453*w + 13943504. What is b(-16)?
0
Let z(a) = -a**3 + 47*a**2 + 140*a - 4301. Determine z(48).
115
Let o(c) = 15230*c + 213325. Calculate o(-14).
105
Let f(y) = 3*y**2 + 9577*y - 38352. Give f(4).
4
Let u(t) = -t**3 + 84*t**2 - 590*t + 21607. Calculate u(80).
7
Let s(z) = z**3 + 26*z**2 + 46*z - 243. What is s(-23)?
286
Let l(m) = -1319*m + 11310. Determine l(9).
-561
Let w(v) = -31907*v - 127711. Calculate w(-4).
-83
Let x(y) = -2*y**2 + 5301*y - 3382240. Give x(1070).
30
Let k(f) = 40247*f + 362383. What is k(-9)?
160
Let l(p) = -p**3 - 810*p**2 - 137785*p - 959. What is l(-243)?
13
Let w(q) = -99024*q + 3267848. Give w(33).
56
Let m(d) = -d**3 + 76*d**2 - 1081*d - 105. Give m(57).
9
Let j(k) = k**3 + 28*k**2 + 77*k + 2168. Give j(-28).
12
Let g(t) = -t**2 + 477*t + 67345. Calculate g(591).
-29
Let i(w) = 209*w - 5822. What is i(28)?
30
Let m(z) = -78*z**2 - 1304*z + 1301. Determine m(1).
-81
Let y(z) = 3*z**2 + 37309*z - 186608. Give y(5).
12
Let f(s) = -2*s**3 - 54*s**2 - 35*s + 584. What is f(-26)?
142
Let n(x) = -2227*x + 48948. What is n(22)?
-46
Let h(b) = -148*b + 31517. What is h(213)?
-7
Let k(m) = -13*m**2 - 24790*m - 74324. Calculate k(-3).
-71
Let l(h) = 340*h + 10458. Calculate l(-28).
938
Let w(x) = x**3 + 25*x**2 + 143*x + 70. Calculate w(-17).
-49
Let r(i) = 2*i**3 - 2*i**2 - 461*i - 460. What is r(-1)?
-3
Let v(g) = 2*g**3 + 29*g**2 - 99*g - 30. Give v(4).
166
Let g(u) = -u**3 - 276*u**2 - 1211*u - 33495. Determine g(-272).
-39
Let q(y) = 43*y**2 - 348*y + 613. Determine q(3).
-44
Let n(t) = -209727*t + 7550149. Calculate n(36).
-23
Let v(p) = p**3 - 36*p**2 + 235*p + 264. Give v(27).
48
Let x(y) = -6559*y**2 + 7*y - 117. What is x(0)?
-117
Let q(v) = -11249*v - 56239. Give q(-5).
6
Let q(s) = -2*s**2 + 5186*s - 1299349. Calculate q(281).
-5
Let m(p) = -8*p**3 + 4723*p**2 - 1771*p + 700. Calculate m(590).
110
Let z(y) = -545*y + 16424. Calculate z(30).
74
Let v(i) = 4*i**2 + 28*i - 2735. Give v(29).
1441
Let b(w) = 2*w**2 - 209*w + 1368. Calculate b(97).
-87
Let t(c) = -1549*c + 1576. Determine t(2).
-1522
Let i(v) = 226*v + 14052. Give i(-61).
266
Let a(g) = -g**2 + 7*g - 654. What is a(40)?
-1974
Let d(a) = -3527*a - 3583. Determine d(-1).
-56
Let x(z) = -z**3 + 99*z**2 - 114*z - 6796. Give x(97).
964
Let b(v) = -75*v**2 + 16649*v + 291. Give b(222).
69
Let s(r) = -18004*r - 17999. Determine s(-1).
5
Let p(t) = 1013*t - 136821. Determine p(135).
-66
Let y(d) = 31*d**2 - 86*d + 256. Give y(4).
408
Let q(c) = -81732*c - 326941. Determine q(-4).
-13
Let z(n) = -11*n**3 - 111*n**2 + 245*n + 54. Give z(-12).
138
Let h(y) = -9026*y - 776253. Give h(-86).
-17
Let p(f) = 13053*f + 234854. Calculate p(-18).
-100
Let i(s) = 11*s**2 - 7631*s - 87411. Determine i(705).
9
Let d(w) = -3956*w + 391598. Calculate d(99).
-46
Let s(y) = -y**3 + 518*y**2 + 14708*y + 3642. Give s(545).
-173
Let f(l) = -564*l + 113940. Determine f(202).
12
Let q(o) = -14187*o + 112703. Determine q(8).
-793
Let a(p) = 15029*p + 255511. Give a(-17).
18
Let m(k) = 546*k - 9564. Calculate m(18).
264
Let f(z) = 18*z**2 + 683*z + 6465. Determine f(-14).
431
Let c(u) = -22338*u + 223381. What is c(10)?
1
Let f(j) = 3*j**2 - 6303*j - 54. Determine f(0).
-54
Let q(d) = 9*d**2 - 1833*d + 8357. Determine q(199).
-1
Let q(u) = -2354*u - 324859. Calculate q(-138).
-7
Let g(o) = -54*o**2 + 2204*o + 47. Determine g(41).
-363
Let y(f) = -2*f**2 + 1033*f - 9142. What is y(9)?
-7
Let q(o) = -o**3 + 28*o**2 - 1886*o + 15434. Calculate q(9).
-1
Let j(d) = 2*d**2 - d - 1267. Give j(26).
59
Let o(c) = 2*c**3 - 524*c**2 + 2581*c - 2856. What is o(257)?
-29
Let a(d) = -d**3 - 15*d**2 + 8*d - 118. Determine a(-15).
-238
Let g(c) = 765*c - 247865. Determine g(324).
-5
Let l(k) = k**3 - 22*k**2 + 106*k + 18. What is l(19)?
949
Let p(z) = -11*z**2 + 27*z - 20. What is p(5)?
-160
Let v(o) = -77591*o + 620737. Give v(8).
9
Let p(x) = -x**2 + 83*x + 2482. Give p(105).
172
Let u(j) = -j**3 + 154*j**2 - 5901*j - 190. Determine u(82).
56
Let f(k) = -3062*k - 328342. Calculate f(-107).
-708
Let z(f) = f**2 + 7159*f + 941349. What is z(-134)?
-1
Let j(q) = -9*q**3 + 126*q**2 - 413*q + 16. Determine j(5).
-24
Let s(j) = 2*j**3 - 61*j**2 - 6*j + 10. Calculate s(0).
10
Let f(h) = -373*h**2 + 89*h + 17. Calculate f(1).
-267
Let o(n) = 53*n - 4153. Give o(79).
34
Let a(o) = 127731*o - 12006714. What is a(94)?
0
Let p(s) = -s**3 + 30*s**2 + 31*s - 240. What is p(31)?
-240
Let q(b) = -181211*b - 4711501. Determine q(-26).
-15
Let k(m) = 3176*m - 3177. What is k(1)?
-1
Let f(k) = -9*k**2 + 102*k + 482. Give f(-5).
-253
Let x(u) = 2*u**2 - 253*u + 5611. Calculate x(93).
-620
Let w(g) = -452*g + 37966. Determine w(84).
-2
Let l(r) = -r**3 + 17*r**2 - 762*r + 4166. Determine l(6).
-10
Let y(q) = -2*q**3 + 604*q**2 + 7544*q - 2536. What is y(314)?
-24
Let f(h) = h**3 + 37*h**2 + 274*h + 233. Determine f(-6).
-295
Let z(r) = -5836*r + 145657. Determine z(25).
-243
Let p(l) = 199565*l + 1796021. Calculate p(-9).
-64
Let f(w) = -2*w**2 + 172*w - 4350. Calculate f(49).
-724
Let h(t) = 20*t**3 + 3*t**2 - 218*t - 434. Wh